 the greatest common divisor of 53864417 and 9183?
3061
What is the highest common factor of 4302 and 24702948?
18
What is the greatest common factor of 1822140 and 1272?
636
What is the greatest common factor of 42273 and 145845?
63
Calculate the highest common factor of 43553 and 51485932.
449
What is the highest common factor of 181224 and 1896?
24
What is the greatest common factor of 316 and 1027492?
4
What is the greatest common factor of 27 and 577113129?
9
Calculate the greatest common factor of 15 and 1503929775.
15
Calculate the greatest common factor of 3758760 and 634734.
3546
What is the highest common factor of 163949 and 55007?
67
What is the greatest common divisor of 144 and 31596864?
48
Calculate the highest common factor of 47886411 and 5823.
1941
What is the highest common factor of 239397480 and 560?
280
Calculate the greatest common factor of 693348228 and 513.
513
What is the highest common divisor of 2282 and 94486?
14
Calculate the greatest common divisor of 30429 and 12645423.
4347
Calculate the greatest common factor of 53375 and 1148203.
427
Calculate the highest common divisor of 362 and 115786424.
362
Calculate the greatest common divisor of 306803 and 791833.
287
What is the highest common factor of 22560 and 80412?
12
What is the greatest common divisor of 1057443948 and 5820?
1164
What is the highest common factor of 240860520 and 675?
135
What is the highest common factor of 674493410 and 20?
10
What is the greatest common factor of 6213 and 1086648?
57
Calculate the greatest common factor of 4 and 892429.
1
What is the highest common factor of 12558 and 4926?
6
What is the highest common divisor of 119406 and 4242?
42
Calculate the greatest common factor of 116549968 and 159.
53
Calculate the greatest common factor of 51744 and 48995296.
1568
What is the greatest common divisor of 11228238 and 3276?
126
What is the greatest common divisor of 93758 and 238798?
518
Calculate the greatest common divisor of 30030 and 1589775.
165
What is the greatest common divisor of 15704 and 4607161?
1963
Calculate the highest common factor of 1045843 and 87707.
229
What is the greatest common divisor of 6452757 and 1485?
27
What is the greatest common divisor of 6068 and 17759519?
1517
What is the highest common factor of 176114 and 4498?
346
Calculate the greatest common factor of 6255914 and 8344.
2086
Calculate the highest common factor of 7152 and 121008.
48
Calculate the greatest common factor of 925 and 55093.
37
What is the greatest common divisor of 48029682 and 798?
114
What is the highest common divisor of 376210285 and 55?
55
What is the highest common factor of 9568 and 283912?
184
Calculate the greatest common divisor of 3451239 and 33.
33
What is the highest common factor of 410 and 27164?
2
What is the greatest common factor of 392334 and 54?
6
What is the highest common factor of 1124 and 22485058?
562
What is the greatest common divisor of 557299 and 16290?
181
Calculate the highest common factor of 2925 and 14756300.
325
What is the highest common factor of 987040 and 30560?
160
What is the highest common divisor of 192951588 and 12?
12
What is the highest common factor of 13 and 1035453?
1
Calculate the highest common divisor of 4510817 and 47627.
491
Calculate the greatest common divisor of 542956392 and 2376.
2376
What is the highest common factor of 14898 and 35802?
78
What is the greatest common factor of 130 and 179182796?
26
What is the highest common divisor of 2309 and 46962751?
2309
Calculate the greatest common factor of 1134658665 and 567.
189
Calculate the highest common divisor of 429845 and 42401.
389
What is the greatest common divisor of 604607 and 1378658?
3851
Calculate the highest common factor of 28043408 and 305.
61
Calculate the highest common factor of 23400 and 187577325.
2925
Calculate the highest common divisor of 6 and 4430050.
2
Calculate the highest common divisor of 15 and 177092055.
15
Calculate the highest common divisor of 78339554 and 2698.
142
Calculate the highest common factor of 999902 and 11822.
46
What is the highest common divisor of 3195 and 20520065?
355
What is the highest common factor of 171633 and 11693?
11
What is the highest common divisor of 1320 and 15876300?
660
Calculate the highest common factor of 84380 and 115.
5
Calculate the greatest common divisor of 4332 and 2151636.
228
What is the highest common divisor of 235467 and 8568?
153
What is the greatest common factor of 295775048 and 8?
8
Calculate the highest common divisor of 5298217 and 10609.
103
What is the greatest common factor of 2092494 and 552?
138
Calculate the greatest common divisor of 11273682 and 48618.
438
What is the greatest common factor of 226 and 71092594?
226
Calculate the highest common divisor of 53475 and 2657010.
465
Calculate the highest common divisor of 118280832 and 640.
128
Calculate the highest common factor of 277969 and 388918.
1193
What is the highest common factor of 2950837 and 28130?
2813
Calculate the greatest common factor of 2 and 89868419.
1
What is the highest common divisor of 22508 and 608668?
68
What is the highest common divisor of 4992647 and 649?
11
What is the highest common divisor of 3 and 210042951?
3
Calculate the greatest common factor of 5593 and 12376510.
799
What is the greatest common factor of 14 and 17345384?
14
What is the highest common factor of 8183 and 582806?
49
What is the highest common factor of 104552 and 3136?
56
What is the greatest common divisor of 432 and 217510704?
432
Calculate the greatest common factor of 52030 and 413230.
430
Calculate the highest common divisor of 26286 and 114894.
78
What is the greatest common divisor of 76705 and 551?
29
What is the highest common divisor of 2620046 and 1287?
143
Calculate the highest common divisor of 2627535 and 30.
15
Calculate the highest common divisor of 1424 and 785.
1
Calculate the highest common divisor of 11090 and 4140.
10
Calculate the highest common factor of 137 and 4646293.
1
What is the highest common factor of 3630165821 and 19?
19
Calculate the greatest common factor of 147836 and 15938.
26
What is the greatest common divisor of 106 and 7647847?
53
Calculate the highest common factor of 10377757 and 52.
13
What is the highest common divisor of 1685 and 3258158125?
1685
What is the greatest common factor of 2 and 242578?
2
Calculate the greatest common factor of 38 and 37018118.
38
Calculate the greatest common divisor of 64 and 14381624.
8
What is the highest common factor of 9475410 and 120?
30
Calculate the highest common factor of 333084 and 1622769.
2031
Calculate the highest common divisor of 8761324 and 7150.
286
Calculate the highest common divisor of 1455 and 6595.
5
What is the highest common divisor of 2923837 and 553?
7
What is the highest common factor of 32008341 and 69?
69
What is the highest common divisor of 4200219 and 588849?
1779
What is the greatest common factor of 2768790 and 431880?
1830
Calculate the highest common divisor of 6756 and 5757.
3
Calculate the highest common factor of 19286163 and 117.
117
Calculate the highest common divisor of 2266 and 35500289.
1133
Calculate the greatest common divisor of 1147 and 11762707.
37
Calculate the highest common factor of 388242 and 28062.
18
What is the greatest common divisor of 9656 and 13891363?
1207
What is the greatest common divisor of 783 and 26599401?
27
Calculate the highest common divisor of 8568 and 869043.
21
What is the highest common divisor of 248046 and 24?
6
What is the greatest common divisor of 7403441 and 592?
37
Calculate the greatest common factor of 76389333 and 963.
321
Calculate the highest common divisor of 4551841 and 35.
7
What is the greatest common factor of 12110 and 461860?
70
What is the highest common divisor of 284 and 11109796?
284
Calculate the greatest common divisor of 2964114 and 722.
38
What is the greatest common factor of 164 and 108158?
82
What is the greatest common divisor of 76901996 and 2190?
146
What is the highest common divisor of 52 and 13103818?
26
Calculate the greatest common divisor of 2999330640 and 720.
720
Calculate the highest common divisor of 448 and 82872104.
56
What is the greatest common divisor of 1408689 and 387?
9
Calculate the 